{"id":453,"date":"2020-07-29T21:49:26","date_gmt":"2020-07-29T19:49:26","guid":{"rendered":"http:\/\/tiercelet.fr\/?page_id=453"},"modified":"2025-03-12T02:17:08","modified_gmt":"2025-03-12T01:17:08","slug":"ordures-menageres","status":"publish","type":"page","link":"https:\/\/tiercelet.fr\/?page_id=453","title":{"rendered":"Gestion des d\u00e9chets m\u00e9nagers et verts"},"content":{"rendered":"\r\n<h2 class=\"has-text-align-center wp-block-heading\">Tri des d\u00e9chets : mode d&#8217;emploi<\/h2>\r\n\r\n\r\n\r\n<p class=\"wp-block-pdfemb-pdf-embedder-viewer\"><img loading=\"lazy\" decoding=\"async\" class=\"wp-image-2243 alignleft\" src=\"https:\/\/tiercelet.fr\/wp-content\/uploads\/2024\/03\/affiche-ECT-2022.jpg\" alt=\"\" width=\"589\" height=\"836\" srcset=\"https:\/\/tiercelet.fr\/wp-content\/uploads\/2024\/03\/affiche-ECT-2022.jpg 1748w, https:\/\/tiercelet.fr\/wp-content\/uploads\/2024\/03\/affiche-ECT-2022-211x300.jpg 211w, https:\/\/tiercelet.fr\/wp-content\/uploads\/2024\/03\/affiche-ECT-2022-722x1024.jpg 722w, https:\/\/tiercelet.fr\/wp-content\/uploads\/2024\/03\/affiche-ECT-2022-768x1090.jpg 768w, https:\/\/tiercelet.fr\/wp-content\/uploads\/2024\/03\/affiche-ECT-2022-1083x1536.jpg 1083w, https:\/\/tiercelet.fr\/wp-content\/uploads\/2024\/03\/affiche-ECT-2022-1444x2048.jpg 1444w\" sizes=\"auto, (max-width: 589px) 100vw, 589px\" \/><img loading=\"lazy\" decoding=\"async\" class=\"alignnone  wp-image-2242\" src=\"https:\/\/tiercelet.fr\/wp-content\/uploads\/2024\/03\/affiche-ECT-2022-1.jpg\" alt=\"\" width=\"600\" height=\"852\" srcset=\"https:\/\/tiercelet.fr\/wp-content\/uploads\/2024\/03\/affiche-ECT-2022-1.jpg 1748w, https:\/\/tiercelet.fr\/wp-content\/uploads\/2024\/03\/affiche-ECT-2022-1-211x300.jpg 211w, https:\/\/tiercelet.fr\/wp-content\/uploads\/2024\/03\/affiche-ECT-2022-1-722x1024.jpg 722w, https:\/\/tiercelet.fr\/wp-content\/uploads\/2024\/03\/affiche-ECT-2022-1-768x1090.jpg 768w, https:\/\/tiercelet.fr\/wp-content\/uploads\/2024\/03\/affiche-ECT-2022-1-1083x1536.jpg 1083w, https:\/\/tiercelet.fr\/wp-content\/uploads\/2024\/03\/affiche-ECT-2022-1-1444x2048.jpg 1444w\" sizes=\"auto, (max-width: 600px) 100vw, 600px\" \/>\u00a0<\/p>\r\n<p>&nbsp;<\/p>\r\n<p><br \/>\r\n\r\n<\/p>\r\n<p>&nbsp;<\/p>\r\n<p>\r\n\r\n<\/p>\r\n<h2 class=\"has-text-align-center wp-block-heading\">Ordures m\u00e9nag\u00e8res<\/h2>\r\n<p>\r\n\r\n<\/p>\r\n<p class=\"has-text-align-center\">Les sacs de tri s\u00e9lectif sont collect\u00e9s le lundi matin et les ordures m\u00e9nag\u00e8res le mardi matin.<\/p>\r\n<p>\r\n\r\n<\/p>\r\n<p class=\"has-text-align-center\">\u00a0<\/p>\r\n<p>\r\n\r\n<\/p>\r\n<p class=\"has-text-align-center\"><span style=\"color: #ff0000;\"><strong>En cas d&#8217;incident sur le ramassage, il ne faut pas contacter la mairie mais le Grand Longwy qui recensera le probl\u00e8me.\u00a0<\/strong><\/span><\/p>\r\n<p><span style=\"color: #ff0000;\"><strong>\r\n\r\n<\/strong><\/span><\/p>\r\n<p><span style=\"color: #ff0000;\"><strong>\r\n\r\n<\/strong><\/span><\/p>\r\n<p class=\"has-text-align-center\" style=\"text-align: justify;\"><span style=\"color: #ff0000;\"><strong>Il vous suffit d\u2019effectuer une demande au num\u00e9ro vert (gratuit depuis un poste fixe) suivant\u00a0: <span style=\"color: #000000;\"><em>0.800.105.300 <\/em><\/span>du lundi au vendredi de 9h00 \u00e0 12h00 et de 14h00 \u00e0 17h30.<\/strong><\/span><\/p>\r\n<p class=\"has-text-align-center\">\r\n\r\n<\/p>\r\n<p>&nbsp;<\/p>\r\n<p class=\"has-text-align-center\">\r\n\r\n<\/p>\r\n<p class=\"has-text-align-center\">\u00a0<\/p>\r\n<p class=\"has-text-align-center\">\r\n\r\n<\/p>\r\n<h2 class=\"has-text-align-center wp-block-heading\">D\u00e9chets verts<\/h2>\r\n<p class=\"has-text-align-center\">\r\n\r\n<\/p>\r\n<p class=\"has-text-align-center\" style=\"text-align: justify;\">La reprise de la collecte aura lieu du <strong>14 avril 2025<\/strong> au <strong>28 juillet 2025 <\/strong>et du <strong>1er<\/strong><b> septembre 2025 <\/b>au <strong>17 novembre 2025<\/strong>.\u00a0<\/p>\r\n<p><span style=\"color: #ff0000;\"><strong>Le ramassage est suspendu ao\u00fbt. <\/strong><\/span><\/p>\r\n<p><span style=\"color: #ff0000;\"><strong>Il n&#8217;aura pas lieu le 21 avril, le 9 juin et le 14 juillet respectivement report\u00e9 les mardis 22 avril,\u00a0 le 10 juin et 15 juillet.<\/strong><\/span><\/p>\r\n<p class=\"has-text-align-center\">\r\n\r\n<\/p>\r\n<p class=\"has-text-align-center\" style=\"text-align: justify;\">Afin d\u2019optimiser le ramassage, la municipalit\u00e9 vous demande de respecter les consignes ci-dessous\u00a0:<\/p>\r\n<p class=\"has-text-align-center\">\r\n\r\n<\/p>\r\n<figure class=\"wp-block-table aligncenter is-style-regular\">\r\n<table style=\"height: 290px;\" width=\"1061\">\r\n<tbody>\r\n<tr>\r\n<td class=\"has-text-align-center\" style=\"text-align: center;\" data-align=\"center\"><strong>Les feuillages et les d\u00e9chets issus de la tonte<\/strong><\/td>\r\n<td class=\"has-text-align-center\" style=\"text-align: center;\" data-align=\"center\"><strong>\u00a0 \u00a0 \u00a0 \u00a0 \u00a0 \u00a0Les branchages<\/strong><\/td>\r\n<\/tr>\r\n<tr>\r\n<td class=\"has-text-align-center\" style=\"text-align: center;\" data-align=\"center\">Dispos\u00e9s dans des sacs \u00e9quip\u00e9s d\u2019anses<\/td>\r\n<td class=\"has-text-align-center\" style=\"text-align: center;\" data-align=\"center\">\u00a0 \u00a0 \u00a0 \u00a0 \u00a0 \u00a0Dispos\u00e9s sous forme de fagots d\u20191 m\u00e8tre<br \/>\u00a0 \u00a0 \u00a0 \u00a0 \u00a0 \u00a0 \u00a0 \u00a0 \u00a0 \u00a0 \u00a0facilement transportables<\/td>\r\n<\/tr>\r\n<tr>\r\n<td class=\"has-text-align-center\" data-align=\"center\"><img decoding=\"async\" class=\"aligncenter\" style=\"width: 200px;\" src=\"http:\/\/tiercelet.fr\/wp-content\/uploads\/2020\/09\/sac-dechets-jardin-popular-130L-1024x1024.jpg\" \/><\/td>\r\n<td class=\"has-text-align-center\" data-align=\"center\"><img decoding=\"async\" class=\"aligncenter\" style=\"width: 200px;\" src=\"http:\/\/tiercelet.fr\/wp-content\/uploads\/2020\/09\/fagots.jpg\" \/><\/td>\r\n<\/tr>\r\n<\/tbody>\r\n<\/table>\r\n<\/figure>\r\n<p class=\"has-text-align-center\">\r\n\r\n<\/p>\r\n<p class=\"has-text-align-center\" style=\"text-align: justify;\">Les d\u00e9chets verts pourront \u00eatre <strong><span class=\"has-inline-color\" style=\"color: #ee1004;\">d\u00e9pos\u00e9s \u00e0 partir du dimanche soir jusqu\u2019au lundi \u00e0 7h<\/span><\/strong>. Nous vous demandons de prendre toutes les dispositions n\u00e9cessaires pour que les <strong>v\u00e9g\u00e9taux soient fra\u00eechement coup\u00e9s<\/strong> <strong>et \u00e9viter une d\u00e9gradation trop avanc\u00e9e au risque de ne pas \u00eatre ramass\u00e9s.<\/strong><\/p>\r\n<p class=\"has-text-align-center\">\r\n\r\n<\/p>\r\n<p class=\"has-text-align-center\" style=\"text-align: justify;\"><strong><span class=\"has-inline-color\" style=\"color: #f10f03;\">Tout autre d\u00e9chet ne sera pas ramass\u00e9.<\/span><\/strong><\/p>\r\n<p class=\"has-text-align-center\">\r\n\r\n<\/p>\r\n<p class=\"has-text-align-center\" style=\"text-align: justify;\"><strong><span class=\"has-inline-color\" style=\"color: #e61e03;\">Les sacs contenant un m\u00e9lange de d\u00e9chets autres que verts ne seront ni ramass\u00e9s, ni tri\u00e9s.<\/span><\/strong><\/p>\r\n<p class=\"has-text-align-center\">\r\n\r\n<\/p>\r\n<p class=\"has-text-align-center\" style=\"text-align: justify;\"><strong>Petit rappel<\/strong>\u00a0: Les sacs non ramass\u00e9s qui resteront plusieurs jours sur l\u2019espace public seront consid\u00e9r\u00e9s comme un \u00ab\u00a0Abandon d\u2019ordures\u00a0\u00bb (art. R. 632-1 du code p\u00e9nal) et passible d\u2019une amende de 180\u20ac.<\/p>\r\n<p class=\"has-text-align-center\">\r\n\r\n<\/p>\r\n<p>&nbsp;<\/p>\r\n<p class=\"has-text-align-center\">\r\n\r\n<\/p>\r\n<h2 class=\"has-text-align-center wp-block-heading\">D\u00e9ch\u00e8terie<\/h2>\r\n<p class=\"has-text-align-center\">\r\n\r\n<\/p>\r\n<p><a href=\"http:\/\/tiercelet.fr\/wp-content\/uploads\/2021\/01\/Fiche-de-demande-de-carte-dacces-de-la-dechetterie.pdf\" target=\"_blank\" rel=\"noopener\" data-type=\"URL\" data-id=\"http:\/\/tiercelet.fr\/wp-content\/uploads\/2021\/01\/Fiche-de-demande-de-carte-dacces-de-la-dechetterie.pdf\">Demande de carte d&#8217;acc\u00e8s \u00e0 la d\u00e9chetterie \u00e0 t\u00e9l\u00e9charger<\/a><\/p>\r\n<p><a href=\"https:\/\/www.smtom.fr\/centre-de-traitement-et-de-valorisation-des-dechets-menagers-maxival\/competences\/dechetterie\/#carte-dacces\" target=\"_blank\" rel=\"noopener\">Demande en ligne sur le site du SMTOM<\/a><\/p>\r\n<p class=\"has-text-align-center\">\r\n\r\n<\/p>\r\n<p class=\"has-text-align-left\"><strong><br \/>SMTOM MAXIVAL<\/strong><\/p>\r\n<p><a href=\"https:\/\/www.smtom.fr\/\" target=\"_blank\" rel=\"noopener\">Site internet<\/a><\/p>\r\n<p class=\"has-text-align-center\">\r\n\r\n<\/p>\r\n<p class=\"has-text-align-left\" style=\"text-align: justify;\">D125 &#8211; Route de Morfontaine<\/p>\r\n<p class=\"has-text-align-left\">\r\n\r\n<\/p>\r\n<p class=\"has-text-align-left\" style=\"text-align: justify;\">54920 VILLERS-LA-MONTAGNE<\/p>\r\n<p class=\"has-text-align-left\">\r\n\r\n<\/p>\r\n<p class=\"has-text-align-left\" style=\"text-align: justify;\">Horaires d&#8217;\u00e9t\u00e9 :<\/p>\r\n<p class=\"has-text-align-left\">\r\n\r\n<\/p>\r\n<p class=\"has-text-align-left\" style=\"text-align: justify;\">&#8211; lundi &#8211; mercredi &#8211; jeudi &#8211; vendredi &#8211; samedi 9h \u00e0 12h et 14h \u00e0 18h\u00a0\u00a0\u00a0\u00a0\u00a0\u00a0\u00a0\u00a0\u00a0\u00a0\u00a0\u00a0\u00a0\u00a0\u00a0\u00a0\u00a0\u00a0\u00a0\u00a0\u00a0\u00a0\u00a0\u00a0\u00a0\u00a0\u00a0\u00a0\u00a0<\/p>\r\n<p class=\"has-text-align-left\">\r\n\r\n<\/p>\r\n<p class=\"has-text-align-left\" style=\"text-align: justify;\">&#8211; ferm\u00e9e mardi et dimanche<\/p>\r\n<p class=\"has-text-align-left\">\r\n\r\n<\/p>\r\n<p class=\"has-text-align-left\" style=\"text-align: justify;\">Horaires d&#8217;hiver (\u00e0 partir du mois d&#8217;octobre)<\/p>\r\n<p class=\"has-text-align-left\">\r\n\r\n<\/p>\r\n<p class=\"has-text-align-left\" style=\"text-align: justify;\">&#8211; lundi &#8211; mercredi &#8211; jeudi &#8211; vendredi &#8211; samedi 9h \u00e0 12h et 14h \u00e0 17h\u00a0\u00a0\u00a0\u00a0\u00a0\u00a0\u00a0\u00a0\u00a0\u00a0\u00a0\u00a0\u00a0\u00a0\u00a0\u00a0\u00a0\u00a0\u00a0\u00a0\u00a0\u00a0\u00a0\u00a0\u00a0\u00a0\u00a0\u00a0\u00a0<\/p>\r\n<p class=\"has-text-align-left\">\r\n\r\n<\/p>\r\n<p class=\"has-text-align-left\" style=\"text-align: justify;\">&#8211; ferm\u00e9e mardi et dimanche<\/p>\r\n<p class=\"has-text-align-left\">\r\n\r\n<\/p>\r\n<p class=\"has-text-align-left\"><a href=\"https:\/\/grandlongwy.fr\/gestion-des-dechets\/\" target=\"_blank\" rel=\"noopener\">Plus d&#8217;informations ici<\/a><\/p>\r\n<p class=\"has-text-align-left\">\r\n\r\n<\/p>\r\n<h2 class=\"wp-block-heading\">\u00a0<\/h2>\r\n<p class=\"has-text-align-left\"><\/p>\r\n<p>&nbsp;<\/p>\r\n<p>&nbsp;<\/p>","protected":false},"excerpt":{"rendered":"<p>Tri des d\u00e9chets : mode d&#8217;emploi \u00a0 &nbsp; &nbsp; Ordures m\u00e9nag\u00e8res Les sacs de tri s\u00e9lectif sont collect\u00e9s le lundi matin et les ordures m\u00e9nag\u00e8res le mardi matin. \u00a0 En cas d&#8217;incident sur le ramassage, il ne faut pas contacter la mairie mais le Grand Longwy qui recensera le probl\u00e8me.\u00a0 Il vous suffit d\u2019effectuer une [&hellip;]<\/p>\n","protected":false},"author":1,"featured_media":0,"parent":0,"menu_order":0,"comment_status":"closed","ping_status":"closed","template":"","meta":{"footnotes":""},"class_list":["post-453","page","type-page","status-publish","hentry"],"_links":{"self":[{"href":"https:\/\/tiercelet.fr\/index.php?rest_route=\/wp\/v2\/pages\/453","targetHints":{"allow":["GET"]}}],"collection":[{"href":"https:\/\/tiercelet.fr\/index.php?rest_route=\/wp\/v2\/pages"}],"about":[{"href":"https:\/\/tiercelet.fr\/index.php?rest_route=\/wp\/v2\/types\/page"}],"author":[{"embeddable":true,"href":"https:\/\/tiercelet.fr\/index.php?rest_route=\/wp\/v2\/users\/1"}],"replies":[{"embeddable":true,"href":"https:\/\/tiercelet.fr\/index.php?rest_route=%2Fwp%2Fv2%2Fcomments&post=453"}],"version-history":[{"count":44,"href":"https:\/\/tiercelet.fr\/index.php?rest_route=\/wp\/v2\/pages\/453\/revisions"}],"predecessor-version":[{"id":2470,"href":"https:\/\/tiercelet.fr\/index.php?rest_route=\/wp\/v2\/pages\/453\/revisions\/2470"}],"wp:attachment":[{"href":"https:\/\/tiercelet.fr\/index.php?rest_route=%2Fwp%2Fv2%2Fmedia&parent=453"}],"curies":[{"name":"wp","href":"https:\/\/api.w.org\/{rel}","templated":true}]}}

Gestion des déchets ménagers et verts

<h2 class="has-text-align-center wp-block-heading">Tri des déchets : mode d&#8217;emploi</h2>



<p class="wp-block-pdfemb-pdf-embedder-viewer"><img loading="lazy" decoding="async" class="wp-image-2243 alignleft" src="https://tiercelet.fr/wp-content/uploads/2024/03/affiche-ECT-2022.jpg" alt="" width="589" height="836" srcset="https://tiercelet.fr/wp-content/uploads/2024/03/affiche-ECT-2022.jpg 1748w, https://tiercelet.fr/wp-content/uploads/2024/03/affiche-ECT-2022-211x300.jpg 211w, https://tiercelet.fr/wp-content/uploads/2024/03/affiche-ECT-2022-722x1024.jpg 722w, https://tiercelet.fr/wp-content/uploads/2024/03/affiche-ECT-2022-768x1090.jpg 768w, https://tiercelet.fr/wp-content/uploads/2024/03/affiche-ECT-2022-1083x1536.jpg 1083w, https://tiercelet.fr/wp-content/uploads/2024/03/affiche-ECT-2022-1444x2048.jpg 1444w" sizes="auto, (max-width: 589px) 100vw, 589px" /><img loading="lazy" decoding="async" class="alignnone  wp-image-2242" src="https://tiercelet.fr/wp-content/uploads/2024/03/affiche-ECT-2022-1.jpg" alt="" width="600" height="852" srcset="https://tiercelet.fr/wp-content/uploads/2024/03/affiche-ECT-2022-1.jpg 1748w, https://tiercelet.fr/wp-content/uploads/2024/03/affiche-ECT-2022-1-211x300.jpg 211w, https://tiercelet.fr/wp-content/uploads/2024/03/affiche-ECT-2022-1-722x1024.jpg 722w, https://tiercelet.fr/wp-content/uploads/2024/03/affiche-ECT-2022-1-768x1090.jpg 768w, https://tiercelet.fr/wp-content/uploads/2024/03/affiche-ECT-2022-1-1083x1536.jpg 1083w, https://tiercelet.fr/wp-content/uploads/2024/03/affiche-ECT-2022-1-1444x2048.jpg 1444w" sizes="auto, (max-width: 600px) 100vw, 600px" /> </p>
<p>&nbsp;</p>
<p><br />

</p>
<p>&nbsp;</p>
<p>

</p>
<h2 class="has-text-align-center wp-block-heading">Ordures ménagères</h2>
<p>

</p>
<p class="has-text-align-center">Les sacs de tri sélectif sont collectés le lundi matin et les ordures ménagères le mardi matin.</p>
<p>

</p>
<p class="has-text-align-center"> </p>
<p>

</p>
<p class="has-text-align-center"><span style="color: #ff0000;"><strong>En cas d&#8217;incident sur le ramassage, il ne faut pas contacter la mairie mais le Grand Longwy qui recensera le problème. </strong></span></p>
<p><span style="color: #ff0000;"><strong>

</strong></span></p>
<p><span style="color: #ff0000;"><strong>

</strong></span></p>
<p class="has-text-align-center" style="text-align: justify;"><span style="color: #ff0000;"><strong>Il vous suffit d’effectuer une demande au numéro vert (gratuit depuis un poste fixe) suivant : <span style="color: #000000;"><em>0.800.105.300 </em></span>du lundi au vendredi de 9h00 à 12h00 et de 14h00 à 17h30.</strong></span></p>
<p class="has-text-align-center">

</p>
<p>&nbsp;</p>
<p class="has-text-align-center">

</p>
<p class="has-text-align-center"> </p>
<p class="has-text-align-center">

</p>
<h2 class="has-text-align-center wp-block-heading">Déchets verts</h2>
<p class="has-text-align-center">

</p>
<p class="has-text-align-center" style="text-align: justify;">La reprise de la collecte aura lieu du <strong>14 avril 2025</strong> au <strong>28 juillet 2025 </strong>et du <strong>1er</strong><b> septembre 2025 </b>au <strong>17 novembre 2025</strong>. </p>
<p><span style="color: #ff0000;"><strong>Le ramassage est suspendu août. </strong></span></p>
<p><span style="color: #ff0000;"><strong>Il n&#8217;aura pas lieu le 21 avril, le 9 juin et le 14 juillet respectivement reporté les mardis 22 avril,  le 10 juin et 15 juillet.</strong></span></p>
<p class="has-text-align-center">

</p>
<p class="has-text-align-center" style="text-align: justify;">Afin d’optimiser le ramassage, la municipalité vous demande de respecter les consignes ci-dessous :</p>
<p class="has-text-align-center">

</p>
<figure class="wp-block-table aligncenter is-style-regular">
<table style="height: 290px;" width="1061">
<tbody>
<tr>
<td class="has-text-align-center" style="text-align: center;" data-align="center"><strong>Les feuillages et les déchets issus de la tonte</strong></td>
<td class="has-text-align-center" style="text-align: center;" data-align="center"><strong>           Les branchages</strong></td>
</tr>
<tr>
<td class="has-text-align-center" style="text-align: center;" data-align="center">Disposés dans des sacs équipés d’anses</td>
<td class="has-text-align-center" style="text-align: center;" data-align="center">           Disposés sous forme de fagots d’1 mètre<br />                     facilement transportables</td>
</tr>
<tr>
<td class="has-text-align-center" data-align="center"><img decoding="async" class="aligncenter" style="width: 200px;" src="http://tiercelet.fr/wp-content/uploads/2020/09/sac-dechets-jardin-popular-130L-1024x1024.jpg" /></td>
<td class="has-text-align-center" data-align="center"><img decoding="async" class="aligncenter" style="width: 200px;" src="http://tiercelet.fr/wp-content/uploads/2020/09/fagots.jpg" /></td>
</tr>
</tbody>
</table>
</figure>
<p class="has-text-align-center">

</p>
<p class="has-text-align-center" style="text-align: justify;">Les déchets verts pourront être <strong><span class="has-inline-color" style="color: #ee1004;">déposés à partir du dimanche soir jusqu’au lundi à 7h</span></strong>. Nous vous demandons de prendre toutes les dispositions nécessaires pour que les <strong>végétaux soient fraîchement coupés</strong> <strong>et éviter une dégradation trop avancée au risque de ne pas être ramassés.</strong></p>
<p class="has-text-align-center">

</p>
<p class="has-text-align-center" style="text-align: justify;"><strong><span class="has-inline-color" style="color: #f10f03;">Tout autre déchet ne sera pas ramassé.</span></strong></p>
<p class="has-text-align-center">

</p>
<p class="has-text-align-center" style="text-align: justify;"><strong><span class="has-inline-color" style="color: #e61e03;">Les sacs contenant un mélange de déchets autres que verts ne seront ni ramassés, ni triés.</span></strong></p>
<p class="has-text-align-center">

</p>
<p class="has-text-align-center" style="text-align: justify;"><strong>Petit rappel</strong> : Les sacs non ramassés qui resteront plusieurs jours sur l’espace public seront considérés comme un « Abandon d’ordures » (art. R. 632-1 du code pénal) et passible d’une amende de 180€.</p>
<p class="has-text-align-center">

</p>
<p>&nbsp;</p>
<p class="has-text-align-center">

</p>
<h2 class="has-text-align-center wp-block-heading">Déchèterie</h2>
<p class="has-text-align-center">

</p>
<p><a href="http://tiercelet.fr/wp-content/uploads/2021/01/Fiche-de-demande-de-carte-dacces-de-la-dechetterie.pdf" target="_blank" rel="noopener" data-type="URL" data-id="http://tiercelet.fr/wp-content/uploads/2021/01/Fiche-de-demande-de-carte-dacces-de-la-dechetterie.pdf">Demande de carte d&#8217;accès à la déchetterie à télécharger</a></p>
<p><a href="https://www.smtom.fr/centre-de-traitement-et-de-valorisation-des-dechets-menagers-maxival/competences/dechetterie/#carte-dacces" target="_blank" rel="noopener">Demande en ligne sur le site du SMTOM</a></p>
<p class="has-text-align-center">

</p>
<p class="has-text-align-left"><strong><br />SMTOM MAXIVAL</strong></p>
<p><a href="https://www.smtom.fr/" target="_blank" rel="noopener">Site internet</a></p>
<p class="has-text-align-center">

</p>
<p class="has-text-align-left" style="text-align: justify;">D125 &#8211; Route de Morfontaine</p>
<p class="has-text-align-left">

</p>
<p class="has-text-align-left" style="text-align: justify;">54920 VILLERS-LA-MONTAGNE</p>
<p class="has-text-align-left">

</p>
<p class="has-text-align-left" style="text-align: justify;">Horaires d&#8217;été :</p>
<p class="has-text-align-left">

</p>
<p class="has-text-align-left" style="text-align: justify;">&#8211; lundi &#8211; mercredi &#8211; jeudi &#8211; vendredi &#8211; samedi 9h à 12h et 14h à 18h                             </p>
<p class="has-text-align-left">

</p>
<p class="has-text-align-left" style="text-align: justify;">&#8211; fermée mardi et dimanche</p>
<p class="has-text-align-left">

</p>
<p class="has-text-align-left" style="text-align: justify;">Horaires d&#8217;hiver (à partir du mois d&#8217;octobre)</p>
<p class="has-text-align-left">

</p>
<p class="has-text-align-left" style="text-align: justify;">&#8211; lundi &#8211; mercredi &#8211; jeudi &#8211; vendredi &#8211; samedi 9h à 12h et 14h à 17h                             </p>
<p class="has-text-align-left">

</p>
<p class="has-text-align-left" style="text-align: justify;">&#8211; fermée mardi et dimanche</p>
<p class="has-text-align-left">

</p>
<p class="has-text-align-left"><a href="https://grandlongwy.fr/gestion-des-dechets/" target="_blank" rel="noopener">Plus d&#8217;informations ici</a></p>
<p class="has-text-align-left">

</p>
<h2 class="wp-block-heading"> </h2>
<p class="has-text-align-left"></p>
<p>&nbsp;</p>
<p>&nbsp;</p>

<p>Tri des déchets : mode d&#8217;emploi   &nbsp; &nbsp; Ordures ménagères Les sacs de tri sélectif sont collectés le lundi matin et les ordures ménagères le mardi matin.   En cas d&#8217;incident sur le ramassage, il ne faut pas contacter la mairie mais le Grand Longwy qui recensera le problème.  Il vous suffit d’effectuer une [&hellip;]</p>
